s 112843 composite?
False
Is 4411 composite?
True
Is 10427 a composite number?
False
Is 165857 prime?
True
Is 2179 a prime number?
True
Is 147937 a prime number?
True
Is 3780433 a prime number?
True
Is 52021 composite?
False
Is 382 prime?
False
Is 13811 composite?
True
Is 147811 a prime number?
True
Is 2395 a prime number?
False
Is 712427 a prime number?
True
Is 1678711 a prime number?
True
Is 15947 prime?
False
Is 14371 a composite number?
True
Is 22951 prime?
False
Is 76579 prime?
True
Is 2047 a composite number?
True
Is 173473 a prime number?
True
Is 117353 composite?
False
Is 84377 composite?
False
Is 397 prime?
True
Is 11989 a composite number?
True
Is 1693 a composite number?
False
Is 457801 a prime number?
False
Is 5147 a prime number?
True
Is 156994 a prime number?
False
Is 15091 a prime number?
True
Is 105953 composite?
False
Is 6707 prime?
False
Is 11369 composite?
False
Is 6547 prime?
True
Is 5815 a composite number?
True
Is 796153 a prime number?
False
Is 521297 composite?
True
Is 1213 prime?
True
Is 41843 prime?
True
Is 34735 a composite number?
True
Is 22469 a prime number?
True
Is 7853 composite?
False
Is 94291 composite?
False
Is 55529 prime?
True
Is 191 a prime number?
True
Is 2305 composite?
True
Is 538599 a composite number?
True
Is 557087 a composite number?
False
Is 275521 a prime number?
True
Is 360391 prime?
True
Is 856429 a composite number?
True
Is 2521 a composite number?
False
Is 2879 prime?
True
Is 253273 a composite number?
False
Is 114913 a prime number?
True
Is 56471 a prime number?
False
Is 10813 composite?
True
Is 1892531 a composite number?
False
Is 3793 a composite number?
False
Is 14741 a composite number?
False
Is 11839 composite?
False
Is 29467 a prime number?
False
Is 2300635 a prime number?
False
Is 1249 prime?
True
Is 129169 a composite number?
False
Is 7379 prime?
False
Is 84649 composite?
False
Is 239263 composite?
False
Is 273779 composite?
True
Is 244897 a prime number?
True
Is 52729 composite?
True
Is 6689 a prime number?
True
Is 15811 composite?
True
Is 90271 a prime number?
True
Is 4381 a composite number?
True
Is 24691 prime?
True
Is 27983 a prime number?
True
Is 331 a composite number?
False
Is 4493 a prime number?
True
Is 9511 a composite number?
False
Is 9029 a prime number?
True
Is 505399 a prime number?
True
Is 40673 a composite number?
True
Is 1969 prime?
False
Is 1259 a composite number?
False
Is 815 a prime number?
False
Is 9943 a prime number?
False
Is 4071761 prime?
True
Is 548755 prime?
False
Is 359231 a composite number?
False
Is 32917 composite?
False
Is 204557 composite?
False
Is 4049 composite?
False
Is 38501 a composite number?
False
Is 2629 a composite number?
True
Is 398362 a prime number?
False
Is 177937 prime?
False
Is 3013 a prime number?
False
Is 28913 a prime number?
False
Is 3551285 a prime number?
False
Is 56359 prime?
True
Is 5591 prime?
True
Is 168229 composite?
True
Is 37 a prime number?
True
Is 37493 a composite number?
False
Is 691 a prime number?
True
Is 221327 a composite number?
False
Is 1258118 a composite number?
True
Is 11251 a prime number?
True
Is 122903 a composite number?
True
Is 6947 a composite number?
False
Is 1045571 composite?
False
Is 55997 a composite number?
False
Is 19693 a prime number?
False
Is 815 prime?
False
Is 1399361 a prime number?
True
Is 865 a prime number?
False
Is 8939 a prime number?
False
Is 8353 composite?
False
Is 51641 prime?
False
Is 67739 a composite number?
True
Is 65791 a composite number?
True
Is 48907 a composite number?
False
Is 60211 composite?
True
Is 70841 a composite number?
False
Is 48133 composite?
True
Is 244421 composite?
True
Is 29261 prime?
False
Is 52763 prime?
False
Is 3389 prime?
True
Is 6943 a prime number?
False
Is 35491 composite?
False
Is 135249 a composite number?
True
Is 835489 composite?
False
Is 548417 prime?
True
Is 1001491 a composite number?
False
Is 124669 a prime number?
True
Is 995829 a composite number?
True
Is 22613 prime?
True
Is 47129 composite?
False
Is 8731 a prime number?
True
Is 12841 a composite number?
False
Is 28705 prime?
False
Is 2425421 a composite number?
True
Is 267303 a composite number?
True
Is 73579 a prime number?
False
Is 238993 a prime number?
False
Is 3803 a prime number?
True
Is 421397 composite?
False
Is 382397 prime?
False
Is 19103 a prime number?
False
Is 835643 composite?
False
Is 2920783 prime?
True
Is 90749 a prime number?
True
Is 8983 prime?
False
Is 18479 a prime number?
False
Is 563377 a prime number?
True
Is 26339 a composite number?
False
Is 945341 composite?
False
Is 1151 a composite number?
False
Is 20327 prime?
True
Is 3072749 a composite number?
False
Is 28653 prime?
False
Is 21467 composite?
False
Is 156797 a prime number?
True
Is 49859 composite?
True
Is 5965 a prime number?
False
Is 32066 composite?
True
Is 77705 prime?
False
Is 415217 a prime number?
False
Is 6121 prime?
True
Is 15118 a prime number?
False
Is 20807 a composite number?
False
Is 52453 composite?
False
Is 6274 a prime number?
False
Is 349571 a composite number?
True
Is 6683 prime?
False
Is 19177 prime?
False
Is 2407 prime?
False
Is 3747 a composite number?
True
Is 409358 a composite number?
True
Is 2413 prime?
False
Is 31087 a prime number?
False
Is 14369 prime?
True
Is 76087 a prime number?
False
Is 195863 a composite number?
False
Is 824347 a prime number?
False
Is 3651 a prime number?
False
Is 540629 prime?
True
Is 29167 a prime number?
True
Is 43647 prime?
False
Is 29813 composite?
True
Is 2080011 a composite number?
True
Is 134711 a prime number?
False
Is 2209855 composite?
True
Is 177091 a composite number?
False
Is 68023 composite?
False
Is 50207 a prime number?
True
Is 65921 a prime number?
True
Is 606791 prime?
True
Is 13093 composite?
False
Is 111427 composite?
False
Is 39181 prime?
True
Is 2446723 prime?
False
Is 77151 composite?
True
Is 242051 a composite number?
True
Is 378997 prime?
True
Is 17371 a composite number?
True
Is 1586837 a composite number?
True
Is 3433 a composite number?
False
Is 45478 a prime number?
False
Is 253273 composite?
False
Is 782839 a prime number?
True
Is 22433 a composite number?
False
Is 81799 a composite number?
False
Is 125527 a prime number?
True
Is 80357 a prime number?
False
Is 485579 prime?
False
Is 784009 a composite number?
False
Is 244535 a composite number?
True
Is 20873 prime?
True
Is 7555 prime?
False
Is 255157 a composite number?
True
Is 60881 prime?
False
Is 32107 a prime number?
False
Is 118981 composite?
True
Is 184343 a prime number?
False
Is 105481 a prime number?
False
Is 6113 a prime number?
True
Is 2179 a composite number?
False
Is 623 prime?
False
Is 872987 composite?
True
Is 64321 a prime number?
False
Is 13997 composite?
False
Is 473407 composite?
True
Is 106087 a prime number?
True
Is 34603 composite?
False
Is 47327 composite?
True
Is 5221 composite?
True
Is 384019 prime?
False
Is 673 a composite number?
False
Is 77911 a prime number?
False
Is 2122 a composite number?
True
Is 23783 prime?
False
Is 529 prime?
False
Is 130483 a prime number?
True
Is 135701 composite?
False
Is 4649 a prime number?
True
Is 607441 a prime number?
False
Is 899633 composite?
True
Is 83199 a prime number?
False
Is 35038 composite?
True
Is 2878 a prime number?
False
Is 10223 composite?
False
Is 1123 composite?
False
Is 752377 a composite number?
True
Is 6017 prime?
False
Is 18637 prime?
True
Is 1250237 a composite number?
False
Is 103333 a prime number?
True
Is 7321 composite?
False
Is 11377 prime?
False
Is 42923 a prime number?
True
Is 72421 a composite number?
False
Is 16649 a prime number?
True
Is 12781 a prime number?
True
Is 24317 composite?
False
Is 1857621 a prime number?
False
Is 947 a composite number?
False
Is 21541 a composite number?
True
Is 1219 composite?
True
Is 22711 a prime number?
False
Is 7751 a composite number?
True
Is 188693 composite?
False
Is 24593 a prime number?
True
Is 24031 a prime number?
False
Is 12473 a composite number?
False
Is 261647 prime?
False
Is 9941 prime?
True
Is 84209 a composite number?
True
Is 8887 a composite number?
False
Is 371 composite?
True
Is 1250391 composite?
True
Is 454331 prime?
True
Is 14429 a composite number?
True
Is 70049 a prime number?
False
Is 256457 a prime number?
False
Is 44483 a comp